(-5).
-231
Let n(z) = -z**2 + 149*z - 5714. What is n(78)?
-176
Let r(y) = -y**3 - 30*y**2 + 67*y + 53. Calculate r(-32).
-43
Let n(b) = -b**2 + 288*b - 19364. Give n(181).
3
Let d(b) = -143*b**2 + 2329*b + 4647. What is d(-2)?
-583
Let w(x) = -x**3 - 32*x**2 + 30*x + 3982. Calculate w(-28).
6
Let s(k) = 140*k - 14655. Determine s(104).
-95
Let j(g) = g**3 - 50*g**2 + 1143*g - 64896. Give j(52).
-52
Let o(j) = -j**3 - 53*j**2 - 375*j + 793. Calculate o(-44).
-131
Let z(p) = 41639*p + 666180. Determine z(-16).
-44
Let v(f) = f**3 + 58*f**2 - 3661*f - 212339. Determine v(-58).
-1
Let o(r) = -228*r**2 + 27591*r - 368. Calculate o(121).
-5
Let c(t) = 3*t**2 + 3181*t + 77435. Give c(-25).
-215
Let r(q) = -4980*q - 4989. Determine r(-1).
-9
Let v(c) = -25*c**3 + 3*c**2 + 389*c - 1917. Calculate v(5).
-3022
Let o(l) = 8*l**2 + 824*l - 1747. Calculate o(-105).
-67
Let p(q) = -58306*q + 408246. Determine p(7).
104
Let g(l) = l**3 + 14*l**2 - 889*l - 7888. Calculate g(-9).
518
Let s(j) = -9675*j - 212847. Calculate s(-22).
3
Let f(w) = 930*w**2 - 923*w - 24. Give f(1).
-17
Let p(y) = -2193*y**2 + 4293*y + 210. Determine p(2).
24
Let q(a) = 2*a**3 + 35*a**2 + 60475*a + 1088885. Determine q(-18).
11
Let j(a) = 111*a**2 - 1589*a + 487. Determine j(14).
-3
Let d(t) = -2*t**3 + 331*t**2 - 529*t + 6099. Determine d(164).
31
Let u(g) = -23*g**2 + 3441*g - 6863. Give u(2).
-73
Let f(i) = -i**3 + 167*i**2 + 910*i + 22184. What is f(173)?
40
Let v(t) = t**3 + 73*t**2 + 147*t + 68. Calculate v(-71).
-287
Let t(a) = 3*a**2 - 36753*a + 110335. Determine t(3).
103
Let o(x) = -5703*x - 34253. Calculate o(-6).
-35
Let c(y) = -y**3 + 34*y**2 - 79*y + 4743. Give c(36).
-693
Let l(v) = 699*v**3 + 295*v**2 - 299*v + 3. Calculate l(1).
698
Let q(g) = -g**2 + 1136*g - 15707. Give q(14).
1
Let r(g) = -3769620*g + 30156960. Calculate r(8).
0
Let c(y) = -826*y + 448. What is c(1)?
-378
Let k(m) = -7*m**2 + 637*m - 1274. Calculate k(89).
-28
Let r(d) = -2822*d + 417650. Calculate r(148).
-6
Let x(i) = -i**3 + 22*i**2 + 334*i - 371. Give x(32).
77
Let m(w) = -4*w**3 + 22*w**2 + 43*w - 186. Give m(2).
-44
Let b(t) = 392*t + 62828. What is b(-160)?
108
Let v(l) = -2791*l - 893131. Give v(-320).
-11
Let n(i) = -i**2 + 8150*i + 1084873. Determine n(-131).
62
Let i(b) = 26*b**2 - 2772*b + 19465. Determine i(7).
1335
Let r(f) = 4464*f + 696407. Give r(-156).
23
Let w(m) = m**3 + 78*m**2 + 269*m + 15198. What is w(-77)?
414
Let o(g) = -g**3 + 9*g**2 + 7993*g - 48073. Determine o(6).
-7
Let o(f) = 453*f - 96934. Give o(214).
8
Let v(x) = 113437*x + 907472. Calculate v(-8).
-24
Let f(s) = -231*s - 30271. Determine f(-128).
-703
Let j(z) = -z**3 + 50*z**2 - 8*z + 346. What is j(50)?
-54
Let j(u) = -42263*u - 42289. Calculate j(-1).
-26
Let l(k) = 9*k**3 - 93*k**2 + 23*k + 100. Determine l(10).
30
Let r(f) = -25*f**2 - 1333*f - 231. What is r(-53)?
193
Let t(c) = -3*c**2 - 456*c - 9452. Determine t(-22).
-872
Let c(w) = -2207*w**2 + 351*w + 348. Determine c(-1).
-2210
Let o(i) = -12*i**2 - 968*i - 2887. Calculate o(-3).
-91
Let x(n) = 9*n**3 - 149*n**2 - 52*n + 141. Determine x(17).
413
Let n(c) = -4*c**3 + 799*c**2 - 568*c - 5496. What is n(199)?
275
Let o(n) = n**3 - 52*n**2 + 256*n + 2987. Determine o(45).
332
Let j(g) = -g**3 + 356*g**2 + 442*g - 30481. Calculate j(357).
-136
Let a(w) = w**3 - 20*w**2 - 659*w + 13146. What is a(20)?
-34
Let i(x) = 3325*x - 86271. Give i(25).
-3146
Let g(p) = -p**3 + 192*p**2 - 573*p + 1143. Calculate g(189).
9
Let n(g) = -2*g**3 + 8*g**2 - 420*g + 4590. Give n(9).
0
Let f(z) = z**3 - 259*z**2 + 281*z - 5922. What is f(258)?
12
Let v(t) = -15*t**3 + 194*t**2 + 229*t - 123. Give v(14).
-53
Let o(y) = -10827*y - 151553. Determine o(-14).
25
Let p(o) = o**3 - 4*o**2 - 1812*o + 9024. Calculate p(5).
-11
Let c(x) = 122*x**2 - 187*x - 187. Determine c(-1).
122
Let w(n) = n**3 + 23*n**2 - 45*n - 488. Give w(-24).
16
Let d(n) = -62*n**2 - 1098*n + 1096. Give d(1).
-64
Let s(l) = 5*l**3 + 461*l**2 + 8444*l + 223. What is s(-67)?
89
Let k(h) = -4317*h - 164039. Give k(-38).
7
Let o(j) = -87*j + 11061. Give o(130).
-249
Let n(f) = f**3 - 13*f**2 - 130307*f + 521367. Calculate n(4).
-5
Let j(n) = 2*n**2 + 229*n - 7980. Give j(31).
1041
Let v(f) = -f**2 - 210*f + 5629. Calculate v(-234).
13
Let c(q) = -29*q**2 - 5*q + 775. Calculate c(5).
25
Let j(t) = -5880*t - 69102. What is j(-12)?
1458
Let y(q) = 73502*q + 441017. Calculate y(-6).
5
Let j(m) = -122*m**3 - 7315*m**2 + 295*m - 264. Determine j(-60).
36
Let d(f) = 5*f**3 - 128*f**2 + 53*f + 15. Determine d(25).
-535
Let g(m) = -3*m**2 - 432*m + 42783. What is g(-212)?
-465
Let k(d) = 33661*d**2 + 201964*d + 1. Give k(-6).
13
Let p(o) = -3*o**3 - 100*o**2 - 294*o - 103. Determine p(-31).
2284
Let x(g) = -5*g**3 + 10*g**2 + 45*g - 58. Determine x(-4).
242
Let c(a) = 5*a**2 - 1787*a - 47808. Calculate c(-25).
-8
Let q(p) = 6*p**3 + 9*p**2 + 194*p + 693. Give q(-4).
-323
Let f(v) = -10*v**2 - 1438*v - 27587. Give f(-121).
1
Let b(n) = -6*n**2 + 502*n + 3492. What is b(93)?
-1716
Let y(i) = i**3 - 11*i**2 + 307*i - 2485. Calculate y(10).
485
Let j(h) = -1147*h + 19619. What is j(17)?
120
Let p(h) = -226*h**2 + 1293*h + 6. Give p(0).
6
Let g(n) = -n**3 + 26*n**2 + 56*n - 3564. What is g(27)?
-2781
Let c(k) = 4325*k - 281116. Calculate c(65).
9
Let n(v) = v**2 - 125*v + 3828. Calculate n(45).
228
Let w(r) = r**2 + 97*r - 33. Give w(39).
5271
Let o(h) = -4*h**3 + 194*h**2 + 287*h + 656. Calculate o(50).
6
Let g(f) = -65*f**2 + 4982*f + 1765. Determine g(77).
-6
Let l(x) = -688*x + 116961. Give l(170).
1
Let g(o) = 14*o**3 + 1230*o**2 - 224*o - 4223. Calculate g(-88).
1
Let l(t) = 98*t**3 - t**2 - 15*t - 16. Calculate l(-1).
-100
Let d(h) = -32243*h + 58. What is d(0)?
58
Let a(j) = 26*j**2 - 14*j + 57. Calculate a(5).
637
Let m(x) = -150392*x + 601554. Calculate m(4).
-14
Let a(v) = -96*v**2 + 2558*v + 3491. Calculate a(28).
-149
Let k(b) = b**3 - 30*b**2 + 30*b + 484. What is k(5)?
9
Let c(v) = -2*v**3 - 1070*v**2 - 3182*v + 18. Calculate c(-3).
-12
Let x(g) = -80*g**2 - 937*g + 18. Calculate x(-12).
-258
Let l(k) = 2*k**2 - 101*k - 11801. What is l(-56)?
127
Let z(h) = -962*h - 98425. Calculate z(-102).
-301
Let a(v) = -v**3 + 183*v**2 + 264*v - 14674. What is a(184)?
46
Let r(m) = -m**2 + 191*m + 33500. Give r(-111).
-22
Let w(i) = 18*i + 2520. Determine w(-48).
1656
Let k(x) = 99790*x + 9679634. Determine k(-97).
4
Let g(w) = 584*w + 5230. Calculate g(-9).
-26
Let h(a) = -a**3 - 14*a**2 + 172*a - 66. Give h(-22).
22
Let h(g) = 2*g**3 - 17*g**2 - 96*g + 208. Determine h(-5).
13
Let l(g) = 211*g**2 - 45580*g + 886. Calculate l(216).
22
Let g(d) = 87*d - 2791. What is g(31)?
-94
Let t(r) = -r**3 + 67*r**2 - 806*r - 2638. What is t(20)?
42
Let r(n) = 4*n**2 + 31255*n + 187391. Give r(-6).
5
Let c(l) = l**3 - 14*l**2 - 21*l - 82. What is c(13)?
-524
Let u(h) = h**2 + 168*h + 518. Calculate u(-28).
-3402
Let j(c) = -9*c**3 - 5*c**2 + 23*c + 115. Determine j(-3).
244
Let y(g) = -3*g**2 - 44332*g + 2402676. Calculate y(54).
0
Let m(z) = -458*z - 56652. Calculate m(-122).
-776
Let o(n) = -7*n**2 - 9*n - 47. Calculate o(-9).
-533
Let b(n) = 4318*n - 34550. Determine b(8).
-6
Let b(m) = -5*m**2 - 89*m + 6996. Determine b(-47).
134
Let z(n) = 2228*n**2 + 11172*n + 160. Calculate z(-5).
0
Let f(q) = 37796*q + 188988. Determine f(-5).
8
Let w(l) = 142*l**2 + 942*l + 27. Calculate w(-4).
-1469
Let l(z) = -246*z + 26148. Calculate l(114).
-1896
Let w(a) = -11*a**2 - 274*a + 49841. Give w(56).
1
Let j(l) = 2*l**2 - 1429*l + 154769. Determine j(133).
90
Let p(z) = 227*z + 102. Determine p(1).
329
Let y(f) = -4002*f**2 - 5*f - 1. Determine y(0).
-1
Let h(x) = -3*x**2 + 11607*x - 104218. Determine h(9).
2
Let t(s) = -s**3 - 93*s**2 - 1382*s + 5642. Determine t(-73).
-52
Let a(h) = 9268*h + 1668248. Determine a(-180).
8
Let z(f) = -6720025*f - 87360326. Calculate z(-13).
-1
Let v(p) = -1983*p + 2056. What is v(1)?
73
Let s(f) = 38*f**2 - 324*f - 16559. What is s(-17)?
-69
Let u(c) = -1019*c + 75360. Calculate u(74).
-46
Let y(a) = a**3 + 30*a**2 - 3619*a + 287. Determine y(47).
287
Let t(a) = 13710*a + 205582. Give t(-15).
-68
Let j(h) = 2*h**3 - 21*h**2 - 71*h + 693. Give j(11).
33
Let h(k) = 450*k - 2135. Give h(5).
115
Let k(n) = 45